{"id":132,"date":"2018-05-14T16:29:27","date_gmt":"2018-05-14T14:29:27","guid":{"rendered":"http:\/\/2018.paradigma-entertainment.com\/?page_id=132"},"modified":"2018-06-01T17:31:04","modified_gmt":"2018-06-01T15:31:04","slug":"gas-station-2000","status":"publish","type":"page","link":"https:\/\/paradigma-entertainment.com\/?page_id=132&lang=de","title":{"rendered":"Gas-Station (2000)"},"content":{"rendered":"<p><iframe src=\"https:\/\/player.vimeo.com\/video\/175702341\" width=\"640\" height=\"360\" frameborder=\"0\" allowfullscreen=\"allowfullscreen\"><span class=\"mce_SELRES_start\" style=\"width: 0px; line-height: 0; overflow: hidden; display: inline-block;\" data-mce-type=\"bookmark\">\ufeff<\/span><span class=\"mce_SELRES_start\" style=\"width: 0px; line-height: 0; overflow: hidden; display: inline-block;\" data-mce-type=\"bookmark\">\ufeff<\/span><\/iframe><\/p>\n<p><strong>GAS-STATION<\/strong> zeigt kompromisslos und ungef\u00e4rbt in der Realit\u00e4t tats\u00e4chlich m\u00f6gliche Ereignisse an einer Tankstelle in einer deutschen Gro\u00dfstadt in einem kurzen zeitlichen Ausschnitt.<\/p>\n<p>Am Boden in einem Verkaufsraum einer Tankstelle liegt zwischen den Regalen ein blutender und bewusstloser Jugendlicher, dem Anschein nach ein Skinhead. Aus der Gesch\u00e4ftst\u00fcr fl\u00fcchtet ein zweiter jugendlicher Skinhead die Stra\u00dfe entlang. Fassungslos stehen mehrere junge Leute in dem Laden herum.<\/p>\n<p>An einem grauen kalten Novembersonntag versammeln sich wie gew\u00f6hnlich vier Skinheads auf dem Gel\u00e4nde einer schwach frequentierten Tankstelle, der <strong>GAS-STATION<\/strong>.<br \/>\nGelangweilt und voller \u00dcberdruss beginnen<br \/>\ndie jungen Leute damit vorbeikommende Kunden der Tankstelle anzup\u00f6beln. Ihr Interesse konzentriert sich auf Personen, die sie als deutlich \u201eanders\u201c, als \u201efremd\u201c wahrnehmen.<br \/>\nDer Schauplatz der Ereignisse verlagert sich in das Innere des Tankstelle.<br \/>\nDie jungen M\u00e4nner wollen sich gegenseitig beweisen, wie \u201ecool\u201c sie sind. Sie steigern sich in Gewaltvorstellungen. Im Verkaufsraum geht einiges zu Bruch, einer geht die Kassiererin an, eine Studentin mit t\u00fcrkischem Hintergrund. Doch einer der Gruppe der Skinheads scheint diese zu kennen? War da nicht einmal was mit so einer \u201eKanakenbraut\u201c in grauer Vorzeit?<br \/>\n\u00dcber die Diskriminierung von diversen Personen wie Schwarzen oder Transvestiten, die als Kunden zuf\u00e4llig in das Geschehen einbezogen werden, erreicht die Handlung ihren H\u00f6hepunkt in der brutalen und un\u00fcberschaubaren Eskalation der Ereignisse.<br \/>\nEiner der Skinheads wird niedergeschlagen und st\u00fcrzt zu Boden.<\/p>\n<p>Wer war es? Was ist geschehen? Welche Motive gibt es? Was war oder ist zwischen einem der Skinheads und der Kassiererin?<\/p>\n<p>Fragen, die der Film aufwirft, teilweise beantwortet und gleichzeitig zum Nachdenken anregt.<br \/>\nOhne Unterschiede zwischen T\u00e4tern und Opfern zu verwischen zeigt der Film Ann\u00e4herungen zwischen beiden Gruppen bis hin zu einem m\u00f6glichen Rollenwechsel.<\/p>\n<p>Der Film <strong>GAS-STATION<\/strong>, entstanden aus einem <a href=\"http:\/\/www.anti-rassismus.com\/\" target=\"_blank\" rel=\"noopener\">Anti-Rassismus- und Toleranztraining (A.R.T)<\/a>, realisiert mit einer Gruppe von Jugendlichen, die sich in einem Arbeitskreis zur interkulturellen Verst\u00e4ndigung engagieren, zu einem Gro\u00dfteil Sch\u00fclerInnen des st\u00e4dtischen Luisen-Gymnasiums M\u00fcnchen, wendet sich an Jugendliche und will zur Erziehung gegen Rassismus und Diskriminierung beitragen. Er ist prim\u00e4r f\u00fcr den Einsatz an Schulen und Jugendeinrichtungen geplant. Didaktisches Begleitmaterial liegt bei; ein kurzes Interview mit den Filmemachern \u00fcber ihre Intentionen folgt nach dem Spielfilm.<\/p>\n<p><a href=\"http:\/\/2018.paradigma-entertainment.com\/wp-content\/uploads\/2018\/05\/Arbeitsbl\u00e4tter-Gas-Station.pdf\" target=\"_blank\" rel=\"noopener\">Arbeitsbl\u00e4tter GAS-STATION<\/a><\/p>\n","protected":false},"excerpt":{"rendered":"<p>\ufeff\ufeff GAS-STATION zeigt kompromisslos und ungef\u00e4rbt in der Realit\u00e4t tats\u00e4chlich m\u00f6gliche Ereignisse an einer Tankstelle in einer deutschen Gro\u00dfstadt in einem kurzen zeitlichen Ausschnitt. Am Boden in einem Verkaufsraum einer Tankstelle liegt zwischen den Regalen ein blutender und bewusstloser Jugendlicher, dem Anschein nach ein Skinhead. Aus der Gesch\u00e4ftst\u00fcr fl\u00fcchtet ein zweiter jugendlicher Skinhead die Stra\u00dfe &hellip; <\/p>\n<p class=\"link-more\"><a href=\"https:\/\/paradigma-entertainment.com\/?page_id=132&#038;lang=de\" class=\"more-link\"><span class=\"screen-reader-text\">\u201eGas-Station (2000)\u201c <\/span>weiterlesen<\/a><\/p>\n","protected":false},"author":1,"featured_media":0,"parent":0,"menu_order":0,"comment_status":"closed","ping_status":"closed","template":"","meta":{"_angie_page":false,"footnotes":""},"class_list":["post-132","page","type-page","status-publish","hentry"],"_links":{"self":[{"href":"https:\/\/paradigma-entertainment.com\/index.php?rest_route=\/wp\/v2\/pages\/132","targetHints":{"allow":["GET"]}}],"collection":[{"href":"https:\/\/paradigma-entertainment.com\/index.php?rest_route=\/wp\/v2\/pages"}],"about":[{"href":"https:\/\/paradigma-entertainment.com\/index.php?rest_route=\/wp\/v2\/types\/page"}],"author":[{"embeddable":true,"href":"https:\/\/paradigma-entertainment.com\/index.php?rest_route=\/wp\/v2\/users\/1"}],"replies":[{"embeddable":true,"href":"https:\/\/paradigma-entertainment.com\/index.php?rest_route=%2Fwp%2Fv2%2Fcomments&post=132"}],"version-history":[{"count":13,"href":"https:\/\/paradigma-entertainment.com\/index.php?rest_route=\/wp\/v2\/pages\/132\/revisions"}],"predecessor-version":[{"id":745,"href":"https:\/\/paradigma-entertainment.com\/index.php?rest_route=\/wp\/v2\/pages\/132\/revisions\/745"}],"wp:attachment":[{"href":"https:\/\/paradigma-entertainment.com\/index.php?rest_route=%2Fwp%2Fv2%2Fmedia&parent=132"}],"curies":[{"name":"wp","href":"https:\/\/api.w.org\/{rel}","templated":true}]}}