{"id":151,"date":"2018-05-14T16:33:18","date_gmt":"2018-05-14T14:33:18","guid":{"rendered":"http:\/\/2018.paradigma-entertainment.com\/?page_id=151"},"modified":"2018-06-01T17:29:04","modified_gmt":"2018-06-01T15:29:04","slug":"jump-2004-2","status":"publish","type":"page","link":"https:\/\/paradigma-entertainment.com\/?page_id=151&lang=de","title":{"rendered":"Jump (2004)"},"content":{"rendered":"<p><iframe src=\"https:\/\/player.vimeo.com\/video\/45305565\" width=\"640\" height=\"360\" frameborder=\"0\" allowfullscreen=\"allowfullscreen\"><\/iframe><\/p>\n<p><strong>Produzent &amp; Regie:<\/strong> <a href=\"https:\/\/www.imdb.com\/name\/nm1672027\/\" target=\"_blank\" rel=\"noopener\">Sven J. Matten<\/a><br \/>\n<strong>Drehbuch: <\/strong>Tina Schulte<br \/>\n<strong>Genre:<\/strong> Coming of Age<br \/>\n<strong>Kamera:<\/strong> Michael Sigloch<br \/>\n<strong>Schnitt:<\/strong> Anna Vogel<br \/>\n<strong>Aufnahmeleitung:<\/strong> Gerd Reimers<br \/>\n<strong>Produktion:<\/strong> Wunibald Heigl<br \/>\n<strong>Besetzung: <\/strong><a href=\"http:\/\/www.simonpaulwagner.de\/\" target=\"_blank\" rel=\"noopener\">Simon-Paul Wagner<\/a>, Sebastian Minkov,<br \/>\nWolfgang Ceczor, Wilm Roil<br \/>\n<strong>Musik:<\/strong> <a href=\"https:\/\/www.imdb.com\/name\/nm0835490\/\" target=\"_blank\" rel=\"noopener\">Hans-Peter Str\u00f6er<\/a><\/p>\n<p><strong>Logline:<\/strong><br \/>\nBasti ger\u00e4t zwischen die Fronten einer Faschogruppe und des Kreises um seinen t\u00fcrkischen Freund Tekin. Als dieser bei einer Schl\u00e4gerei mit den Neonazis schwer verletzt wird, muss Basti sich entscheiden&#8230;<\/p>\n<p><strong>Synopsis:<\/strong><br \/>\nBasti (16) stammt aus niedrigen sozialen Verh\u00e4ltnissen, lebt in einem sozialen Brennpunkt und leidet unter seinem autorit\u00e4ren Vater. Auf der verzweifelten Suche nach Liebe, Anerkennung und sich selbst schlie\u00dft er sich einer Faschogruppe an, der auch sein Bruder angeh\u00f6rt und die ihm zum ersten Mal in seinem Leben ein Gef\u00fchl von Zugeh\u00f6rigkeit vermittelt. Da trifft er auf Tekin, einen gleichaltrigen T\u00fcrken, der ihn f\u00fcr sein aus zumeist ausl\u00e4ndischen Jugendlichen bestehendes Basketballteam begeistern kann. Auf einmal steht Basti zwischen den Fronten, ist Fascho und doch Tekins Freund, geh\u00f6rt dazu und ist doch ganz allein, und als Tekin bei einer Schl\u00e4gerei mit den Neonazis schwer verletzt wird, muss Basti sich entscheiden&#8230;<\/p>\n<p><strong>Director\u2019s Note:<\/strong><br \/>\nIn JUMP geht es um Rassismus und Gewalt, Gewalt gegen die, die anders sind, die fremd sind, die nicht dazugeh\u00f6ren. Der Film erz\u00e4hlt die Geschichte einer Freundschaft, die durch die Sehnsucht nach eben dieser Zugeh\u00f6rigkeit auf eine harte Probe gestellt wird. JUMP bewegt, provoziert und regt zum Nachdenken an.<\/p>\n<p><strong>Marketing und Sales:<\/strong><br \/>\nJUMP ist au\u00dfergew\u00f6hnlich: ein sozial engagierter Film \u00fcber ein aktuelles Thema, der speziell auf die Verwertung in Schulen und anderen Bildungseinrichtungen aber auch TV-Auswertung und Festivals zugeschnitten ist, jedoch trotzdem keinen typischen \u2013 in der \u00d6ffentlichkeit oft negativ besetzten \u2013 Bildungsfernsehcharakter hat, sondern vom Publikum als echter Spielfilm angesehen wird, was durch die hohe Qualit\u00e4t der Produktion und durch die Besetzung mit deutschlandweit bekannten TV-Stars wie Simon-Paul Wagner und Wilm Roil gew\u00e4hrleistet wird.<br \/>\nDadurch wird im Gegensatz zum gew\u00f6hnlichen Schulfilm eine hohe N\u00e4he und ein gro\u00dfes Identifikationspotential bei der Zielgruppe erreicht, welche wiederum durch die fl\u00e4chendeckende Auswertung von JUMP im deutschsprachigen Raum eine f\u00fcr ein derartiges Projekt besonders weite Verbreitung erf\u00e4hrt. Die intensive Bearbeitung des Filmes in Unterricht u.a. bewirkt einen hohen Wiedererkennungswert bei der jungen Zielgruppe.<\/p>\n<p><strong>Vertriebspartner:<\/strong><br \/>\n<a href=\"https:\/\/www.matthias-film.de\/\" target=\"_blank\" rel=\"noopener\">Matthias Film gGmbH<\/a><br \/>\n<a href=\"http:\/\/www.filmservice.at\/\" target=\"_blank\" rel=\"noopener\">\u00d6sterreichischer Filmservice<\/a><br \/>\n<a href=\"https:\/\/www.br.de\/fernsehen\/index.html\" target=\"_blank\" rel=\"noopener\">Bayerischer Rundfunk<\/a><br \/>\n<a href=\"https:\/\/www.hr-fernsehen.de\/index.html\" target=\"_blank\" rel=\"noopener\">Hessischer Rundfunk<\/a><\/p>\n<p><strong>L\u00e4nge: <\/strong>20 Minuten + 5 Minuten Sch\u00fclerinterviews<br \/>\n<strong>Ton: <\/strong>Dolby SR<br \/>\n<strong>FSK:<\/strong> ab 12 Jahre<br \/>\n<strong>Ausgezeichnet <\/strong>mit dem Pr\u00e4dikat \u201ewertvoll\u201c der <a href=\"http:\/\/www.fbw-filmbewertung.com\/\" target=\"_blank\" rel=\"noopener\">Filmbewertungsstelle Wiesbaden (FBW)<\/a><br \/>\n<strong>Vorgeschlagen<\/strong> f\u00fcr den <a href=\"https:\/\/www.deutscher-kurzfilmpreis.de\/Webs\/DKFP\/DE\/Startseite\/startseite_node.html\" target=\"_blank\" rel=\"noopener\">Deutschen Kurzfilmpreis 2004<\/a><\/p>\n<p><strong>Erh\u00e4ltliche Formate:<\/strong><br \/>\n35mm Ratio 1:1,85 \/ Beta SP 16:9 \/ DigiBeta 16: 9 \/ VHS \/ DVD<\/p>\n<p><strong>Pressebetreuung: <\/strong><br \/>\n<a href=\"http:\/\/www.ulrichgroup.de\/home.html\" target=\"_blank\" rel=\"noopener\">Ulrich Group GmbH<\/a>, M\u00fcnchen Telefon: 089 \/ 439 84 00<br \/>\nE-Mail: jump@ulrichgroup.de<\/p>\n<p><a href=\"http:\/\/2018.paradigma-entertainment.com\/wp-content\/uploads\/2018\/05\/JUMP-Arbeitsbl\u00e4tter.pdf\" target=\"_blank\" rel=\"noopener\">JUMP Arbeitsbl\u00e4tter<\/a><\/p>\n<p><a href=\"http:\/\/2018.paradigma-entertainment.com\/wp-content\/uploads\/2018\/05\/JUMP-Flyer.pdf\" target=\"_blank\" rel=\"noopener\">JUMP Flyer<\/a><\/p>\n","protected":false},"excerpt":{"rendered":"<p>Produzent &amp; Regie: Sven J. Matten Drehbuch: Tina Schulte Genre: Coming of Age Kamera: Michael Sigloch Schnitt: Anna Vogel Aufnahmeleitung: Gerd Reimers Produktion: Wunibald Heigl Besetzung: Simon-Paul Wagner, Sebastian Minkov, Wolfgang Ceczor, Wilm Roil Musik: Hans-Peter Str\u00f6er Logline: Basti ger\u00e4t zwischen die Fronten einer Faschogruppe und des Kreises um seinen t\u00fcrkischen Freund Tekin. Als dieser &hellip; <\/p>\n<p class=\"link-more\"><a href=\"https:\/\/paradigma-entertainment.com\/?page_id=151&#038;lang=de\" class=\"more-link\"><span class=\"screen-reader-text\">\u201eJump (2004)\u201c <\/span>weiterlesen<\/a><\/p>\n","protected":false},"author":1,"featured_media":0,"parent":0,"menu_order":0,"comment_status":"closed","ping_status":"closed","template":"","meta":{"_angie_page":false,"footnotes":""},"class_list":["post-151","page","type-page","status-publish","hentry"],"_links":{"self":[{"href":"https:\/\/paradigma-entertainment.com\/index.php?rest_route=\/wp\/v2\/pages\/151","targetHints":{"allow":["GET"]}}],"collection":[{"href":"https:\/\/paradigma-entertainment.com\/index.php?rest_route=\/wp\/v2\/pages"}],"about":[{"href":"https:\/\/paradigma-entertainment.com\/index.php?rest_route=\/wp\/v2\/types\/page"}],"author":[{"embeddable":true,"href":"https:\/\/paradigma-entertainment.com\/index.php?rest_route=\/wp\/v2\/users\/1"}],"replies":[{"embeddable":true,"href":"https:\/\/paradigma-entertainment.com\/index.php?rest_route=%2Fwp%2Fv2%2Fcomments&post=151"}],"version-history":[{"count":19,"href":"https:\/\/paradigma-entertainment.com\/index.php?rest_route=\/wp\/v2\/pages\/151\/revisions"}],"predecessor-version":[{"id":742,"href":"https:\/\/paradigma-entertainment.com\/index.php?rest_route=\/wp\/v2\/pages\/151\/revisions\/742"}],"wp:attachment":[{"href":"https:\/\/paradigma-entertainment.com\/index.php?rest_route=%2Fwp%2Fv2%2Fmedia&parent=151"}],"curies":[{"name":"wp","href":"https:\/\/api.w.org\/{rel}","templated":true}]}}

<p><iframe src="https://player.vimeo.com/video/45305565" width="640" height="360" frameborder="0" allowfullscreen="allowfullscreen"></iframe></p>
<p><strong>Produzent &amp; Regie:</strong> <a href="https://www.imdb.com/name/nm1672027/" target="_blank" rel="noopener">Sven J. Matten</a><br />
<strong>Drehbuch: </strong>Tina Schulte<br />
<strong>Genre:</strong> Coming of Age<br />
<strong>Kamera:</strong> Michael Sigloch<br />
<strong>Schnitt:</strong> Anna Vogel<br />
<strong>Aufnahmeleitung:</strong> Gerd Reimers<br />
<strong>Produktion:</strong> Wunibald Heigl<br />
<strong>Besetzung: </strong><a href="http://www.simonpaulwagner.de/" target="_blank" rel="noopener">Simon-Paul Wagner</a>, Sebastian Minkov,<br />
Wolfgang Ceczor, Wilm Roil<br />
<strong>Musik:</strong> <a href="https://www.imdb.com/name/nm0835490/" target="_blank" rel="noopener">Hans-Peter Ströer</a></p>
<p><strong>Logline:</strong><br />
Basti gerät zwischen die Fronten einer Faschogruppe und des Kreises um seinen türkischen Freund Tekin. Als dieser bei einer Schlägerei mit den Neonazis schwer verletzt wird, muss Basti sich entscheiden&#8230;</p>
<p><strong>Synopsis:</strong><br />
Basti (16) stammt aus niedrigen sozialen Verhältnissen, lebt in einem sozialen Brennpunkt und leidet unter seinem autoritären Vater. Auf der verzweifelten Suche nach Liebe, Anerkennung und sich selbst schließt er sich einer Faschogruppe an, der auch sein Bruder angehört und die ihm zum ersten Mal in seinem Leben ein Gefühl von Zugehörigkeit vermittelt. Da trifft er auf Tekin, einen gleichaltrigen Türken, der ihn für sein aus zumeist ausländischen Jugendlichen bestehendes Basketballteam begeistern kann. Auf einmal steht Basti zwischen den Fronten, ist Fascho und doch Tekins Freund, gehört dazu und ist doch ganz allein, und als Tekin bei einer Schlägerei mit den Neonazis schwer verletzt wird, muss Basti sich entscheiden&#8230;</p>
<p><strong>Director’s Note:</strong><br />
In JUMP geht es um Rassismus und Gewalt, Gewalt gegen die, die anders sind, die fremd sind, die nicht dazugehören. Der Film erzählt die Geschichte einer Freundschaft, die durch die Sehnsucht nach eben dieser Zugehörigkeit auf eine harte Probe gestellt wird. JUMP bewegt, provoziert und regt zum Nachdenken an.</p>
<p><strong>Marketing und Sales:</strong><br />
JUMP ist außergewöhnlich: ein sozial engagierter Film über ein aktuelles Thema, der speziell auf die Verwertung in Schulen und anderen Bildungseinrichtungen aber auch TV-Auswertung und Festivals zugeschnitten ist, jedoch trotzdem keinen typischen – in der Öffentlichkeit oft negativ besetzten – Bildungsfernsehcharakter hat, sondern vom Publikum als echter Spielfilm angesehen wird, was durch die hohe Qualität der Produktion und durch die Besetzung mit deutschlandweit bekannten TV-Stars wie Simon-Paul Wagner und Wilm Roil gewährleistet wird.<br />
Dadurch wird im Gegensatz zum gewöhnlichen Schulfilm eine hohe Nähe und ein großes Identifikationspotential bei der Zielgruppe erreicht, welche wiederum durch die flächendeckende Auswertung von JUMP im deutschsprachigen Raum eine für ein derartiges Projekt besonders weite Verbreitung erfährt. Die intensive Bearbeitung des Filmes in Unterricht u.a. bewirkt einen hohen Wiedererkennungswert bei der jungen Zielgruppe.</p>
<p><strong>Vertriebspartner:</strong><br />
<a href="https://www.matthias-film.de/" target="_blank" rel="noopener">Matthias Film gGmbH</a><br />
<a href="http://www.filmservice.at/" target="_blank" rel="noopener">Österreichischer Filmservice</a><br />
<a href="https://www.br.de/fernsehen/index.html" target="_blank" rel="noopener">Bayerischer Rundfunk</a><br />
<a href="https://www.hr-fernsehen.de/index.html" target="_blank" rel="noopener">Hessischer Rundfunk</a></p>
<p><strong>Länge: </strong>20 Minuten + 5 Minuten Schülerinterviews<br />
<strong>Ton: </strong>Dolby SR<br />
<strong>FSK:</strong> ab 12 Jahre<br />
<strong>Ausgezeichnet </strong>mit dem Prädikat „wertvoll“ der <a href="http://www.fbw-filmbewertung.com/" target="_blank" rel="noopener">Filmbewertungsstelle Wiesbaden (FBW)</a><br />
<strong>Vorgeschlagen</strong> für den <a href="https://www.deutscher-kurzfilmpreis.de/Webs/DKFP/DE/Startseite/startseite_node.html" target="_blank" rel="noopener">Deutschen Kurzfilmpreis 2004</a></p>
<p><strong>Erhältliche Formate:</strong><br />
35mm Ratio 1:1,85 / Beta SP 16:9 / DigiBeta 16: 9 / VHS / DVD</p>
<p><strong>Pressebetreuung: </strong><br />
<a href="http://www.ulrichgroup.de/home.html" target="_blank" rel="noopener">Ulrich Group GmbH</a>, München Telefon: 089 / 439 84 00<br />
E-Mail: jump@ulrichgroup.de</p>
<p><a href="http://2018.paradigma-entertainment.com/wp-content/uploads/2018/05/JUMP-Arbeitsblätter.pdf" target="_blank" rel="noopener">JUMP Arbeitsblätter</a></p>
<p><a href="http://2018.paradigma-entertainment.com/wp-content/uploads/2018/05/JUMP-Flyer.pdf" target="_blank" rel="noopener">JUMP Flyer</a></p>

<p>Produzent &amp; Regie: Sven J. Matten Drehbuch: Tina Schulte Genre: Coming of Age Kamera: Michael Sigloch Schnitt: Anna Vogel Aufnahmeleitung: Gerd Reimers Produktion: Wunibald Heigl Besetzung: Simon-Paul Wagner, Sebastian Minkov, Wolfgang Ceczor, Wilm Roil Musik: Hans-Peter Ströer Logline: Basti gerät zwischen die Fronten einer Faschogruppe und des Kreises um seinen türkischen Freund Tekin. Als dieser &hellip; </p>
<p class="link-more"><a href="https://paradigma-entertainment.com/?page_id=151&#038;lang=de" class="more-link"><span class="screen-reader-text">„Jump (2004)“ </span>weiterlesen</a></p>
