{"id":21,"date":"2018-05-03T10:01:42","date_gmt":"2018-05-03T10:01:42","guid":{"rendered":"http:\/\/2018.paradigma-entertainment.com\/?page_id=21"},"modified":"2026-01-22T15:48:13","modified_gmt":"2026-01-22T14:48:13","slug":"impressum","status":"publish","type":"page","link":"https:\/\/paradigma-entertainment.com\/?page_id=21&lang=de","title":{"rendered":"Impressum"},"content":{"rendered":"<p><strong>Angaben gem\u00e4\u00df \u00a7 5 TMG:<\/strong><\/p>\n<p>Sven J. Matten<br \/>\nParadigma Entertainment<br \/>\nKlenzestra\u00dfe 58<br \/>\n80469 M\u00fcnchen<\/p>\n<p>Durchf\u00fchrung von Filmproduktionen, Herstellung, Verkauf und Vermietung von Filmen, Beratung von Kunden und Unternehmen, T\u00e4tigkeit und Beratung im Medienbereich, Vermittlung zum Abschluss von Vertr\u00e4gen \u00fcber Immobilien<\/p>\n<p>Erlaubnis nach \u00a7 34c Absatz 1 Satz 1 Nummer 1 Gewerbeordnung (Immobilienmakler)\u00a0 im Bundesgebiet Deutschland. Aufsichtsbeh\u00f6rde: Industrie- und Handelskammer f\u00fcr M\u00fcnchen und Oberbayern, Max-Joseph- Str. 2, 80333 M\u00fcnchen<\/p>\n<p><strong>Kontakt:<\/strong><\/p>\n<p>Telefon: +49 89 20 20 70 61<br \/>\nTelefax: +49 89 20 20 70 62<br \/>\nE-Mail: office@paradigma-entertainment.com<\/p>\n<p><strong>Umsatzsteuer:<\/strong><\/p>\n<p>Umsatzsteuer- Identifikationsnummer gem\u00e4\u00df \u00a727 a Umsatzsteuergesetz:<br \/>\nDE206368989<\/p>\n<p><strong>Streitschlichtung: <\/strong><\/p>\n<p>Die Europ\u00e4ische Kommission stellt eine Plattform zur Online- Streitbeilegung (OS) bereit: <a href=\"https:\/\/ec.europa.eu\/consumers\/odr\" target=\"_blank\" rel=\"noopener noreferrer\">https:\/\/ec.europa.eu\/consumers\/odr<\/a><br \/>\nUnsere E-Mail-Adresse finden Sie oben im Impressum.<\/p>\n<p>Wir sind nicht bereit oder verpflichtet, an Streitbeilegungsverfahren vor einer Verbraucherschlichtungsstelle teilzunehmen.<\/p>\n<p><strong>Programmierung und technische Unterst\u00fctzung:<\/strong><br \/>\nrw2 Robert &amp; Willi Schneider GbR, M\u00fcnchen, <a href=\"http:\/\/www.rw2.de\" target=\"_blank\" rel=\"noopener noreferrer\">www.rw2.de<\/a><\/p>\n<p>Verantwortlich im Sinne des Inhalts gem\u00e4\u00df \u00a7 55 Abs. 2 RStV in Deutschland: Sven J. Matten \u00a9 2026<\/p>\n","protected":false},"excerpt":{"rendered":"<p>Angaben gem\u00e4\u00df \u00a7 5 TMG: Sven J. Matten Paradigma Entertainment Klenzestra\u00dfe 58 80469 M\u00fcnchen Durchf\u00fchrung von Filmproduktionen, Herstellung, Verkauf und Vermietung von Filmen, Beratung von Kunden und Unternehmen, T\u00e4tigkeit und Beratung im Medienbereich, Vermittlung zum Abschluss von Vertr\u00e4gen \u00fcber Immobilien Erlaubnis nach \u00a7 34c Absatz 1 Satz 1 Nummer 1 Gewerbeordnung (Immobilienmakler)\u00a0 im Bundesgebiet Deutschland. &hellip; <\/p>\n<p class=\"link-more\"><a href=\"https:\/\/paradigma-entertainment.com\/?page_id=21&#038;lang=de\" class=\"more-link\"><span class=\"screen-reader-text\">\u201eImpressum\u201c <\/span>weiterlesen<\/a><\/p>\n","protected":false},"author":1,"featured_media":0,"parent":0,"menu_order":0,"comment_status":"closed","ping_status":"closed","template":"","meta":{"_angie_page":false,"footnotes":""},"class_list":["post-21","page","type-page","status-publish","hentry"],"_links":{"self":[{"href":"https:\/\/paradigma-entertainment.com\/index.php?rest_route=\/wp\/v2\/pages\/21","targetHints":{"allow":["GET"]}}],"collection":[{"href":"https:\/\/paradigma-entertainment.com\/index.php?rest_route=\/wp\/v2\/pages"}],"about":[{"href":"https:\/\/paradigma-entertainment.com\/index.php?rest_route=\/wp\/v2\/types\/page"}],"author":[{"embeddable":true,"href":"https:\/\/paradigma-entertainment.com\/index.php?rest_route=\/wp\/v2\/users\/1"}],"replies":[{"embeddable":true,"href":"https:\/\/paradigma-entertainment.com\/index.php?rest_route=%2Fwp%2Fv2%2Fcomments&post=21"}],"version-history":[{"count":51,"href":"https:\/\/paradigma-entertainment.com\/index.php?rest_route=\/wp\/v2\/pages\/21\/revisions"}],"predecessor-version":[{"id":1037,"href":"https:\/\/paradigma-entertainment.com\/index.php?rest_route=\/wp\/v2\/pages\/21\/revisions\/1037"}],"wp:attachment":[{"href":"https:\/\/paradigma-entertainment.com\/index.php?rest_route=%2Fwp%2Fv2%2Fmedia&parent=21"}],"curies":[{"name":"wp","href":"https:\/\/api.w.org\/{rel}","templated":true}]}}